{"id":3,"date":"2020-09-17T12:07:27","date_gmt":"2020-09-17T12:07:27","guid":{"rendered":"https:\/\/profund.fi\/?page_id=3"},"modified":"2020-10-09T05:43:37","modified_gmt":"2020-10-09T05:43:37","slug":"privacy-policy","status":"publish","type":"page","link":"https:\/\/profund.fi\/index.php\/privacy-policy\/","title":{"rendered":"Tietosuojaseloste"},"content":{"rendered":"\n<h2>Profund Oy<\/h2>\n\n\n\n<p>T\u00e4m\u00e4 on Profund Oy:n henkil\u00f6tietolain (10 ja 24 \u00a7) ja EU:n yleisen tietosuoja-asetuksen (GDPR) mukainen tietosuojaseloste. Viimeisin muutos 7.10.2020.<\/p>\n\n\n\n<p>Insin\u00f6\u00f6ritoimisto Profund Oy on vuonna 2020 perustettu osakeyhti\u00f6. Sen toimialaa on maa- ja vesirakentamisen tekninen palvelu ja kotipaikka on Turku. Yhti\u00f6n toimitusjohtaja on Kim Andersson-Berlin.<\/p>\n\n\n\n<p><strong>Verkkosivustomme on: https:\/\/profund.fi.<\/strong><\/p>\n\n\n\n<h2>Mit\u00e4 tietoa ker\u00e4\u00e4mme sinusta ja miksi<\/h2>\n\n\n\n<p>Ker\u00e4\u00e4mme tietoja, jotka ovat tarpeen Profund Oy:n harjoittamassa liiketoiminnassa. Henkil\u00f6tietorekisteriin ker\u00e4t\u00e4\u00e4n vain tietoja, jotka ovat tarpeellisia palveluiden tilauksessa ja toimituksessa. Henkil\u00f6tietojen ker\u00e4\u00e4minen perustuu henkil\u00f6n antamaan suostumukseen.<\/p>\n\n\n\n<p>Kun j\u00e4t\u00e4t yhteydenottopyynn\u00f6n sivustomme lomakkeen kautta, tallennamme lomakkeeseen kirjoittamasi tiedot yhteydenottoamme varten. Mik\u00e4li p\u00e4\u00e4dyt asiakkaaksemme, tallennamme tietosi sek\u00e4 asiakkuuden yll\u00e4pit\u00e4miseksi vaadittavat tietosi asiakasj\u00e4rjestelm\u00e4\u00e4mme.<\/p>\n\n\n\n<p><strong>R<em>ekisterin pit\u00e4j\u00e4<\/em><\/strong><em>: Profund Oy<br><strong>Rekisteriasioita hoitava henkil\u00f6:<\/strong> Kim Andersson-Berlin<br><strong>Rekisterinhoitajan tavoittaa:<\/strong>  kim.andersson-berlin@profund.fi | +358 50 379 9005<\/em><\/p>\n\n\n\n<p>Henkil\u00f6tietoja k\u00e4sitell\u00e4\u00e4n lain sallimissa ja edellytt\u00e4miss\u00e4 rajoissa. <\/p>\n\n\n\n<p>Tietoja ei luovuteta eteenp\u00e4in, eik\u00e4 niit\u00e4 k\u00e4ytet\u00e4 markkinointiin ilman asiakkaan hyv\u00e4ksynt\u00e4\u00e4.<\/p>\n\n\n\n<p>Henkil\u00f6ll\u00e4 on oikeus tarkastaa, mit\u00e4 h\u00e4nt\u00e4 koskevia tietoja henkil\u00f6tietorekisteriin on talletettu. Kirjallinen tarkastuspyynt\u00f6 tulee l\u00e4hett\u00e4\u00e4 allekirjoitettuna yll\u00e4 mainitulla rekisteriasioista vastaavalle henkil\u00f6lle. Rekister\u00f6idyll\u00e4 on oikeus vaatia virheellisten tai vanhentuneiden tietojen oikaisua tai poistamista tai tietojen siirtoa j\u00e4rjestelm\u00e4st\u00e4 toiseen. H\u00e4nell\u00e4 on my\u00f6s oikeus rajoittaa tai vastustaa tietojensa k\u00e4sittely\u00e4 EU:n tietosuoja-asetuksen artiklojen 18 ja 21 mukaisesti. <\/p>\n\n\n\n<p><strong>Henkil\u00f6rekisteri sis\u00e4lt\u00e4 seuraavia tietoja:<\/strong><\/p>\n\n\n\n<ul><li><em style=\"font-size: inherit; background-color: initial;\">Y-tunnus<\/em><\/li><li><em>Yritys<\/em><\/li><li><em>Yhteyshenkil\u00f6n etu- ja sukunimi<\/em><\/li><li><em>S\u00e4hk\u00f6postiosoite<\/em><\/li><li><em>Yrityksen postiosoite,<\/em><\/li><li><em>Laskustusosoite<\/em><\/li><li><em>Puhelinnumero<\/em><\/li><li><em>Tehdyt tarjoukset<\/em><\/li><li><em>Sopimukset <\/em><\/li><li><em>Laskutus sek\u00e4 tilaushistoria<\/em><\/li><\/ul>\n\n\n\n<p>Asiakasrekisterimme tietoihin ei p\u00e4\u00e4se k\u00e4siksi ulkopuolisia. Henkil\u00f6tietoja k\u00e4sittelev\u00e4t vain henkil\u00f6t joiden ty\u00f6teht\u00e4vien suorittaminen sit\u00e4 edellytt\u00e4\u00e4 ja jotka ovat sitoutuneet salassapitovelvollisuuteen sek\u00e4 toimimaan t\u00e4m\u00e4n sopimuksen mukaisesti. <\/p>\n\n\n\n<p>Tietoja ei my\u00f6sk\u00e4\u00e4n luovuteta kolmansille osapuolille.<\/p>\n\n\n\n<p>S\u00e4ilyt\u00e4mme tietojasi niin kauan, kun niit\u00e4 tarvitaan sopimuksen t\u00e4yt\u00e4nt\u00f6\u00f6n panemiseksi. M\u00e4\u00e4ritetty aika perustuu k\u00e4sittelytarkoitukseemme ja sen lainmukaisen oikeusperusteen voimassa oloon (mm. sopimuksen voimassaolo) tai lakis\u00e4\u00e4teisen velvoitteen t\u00e4ytt\u00e4miseen esim. kirjanpitovelvollisuus<\/p>\n\n\n\n<h2>Cookies &#8211; Ev\u00e4steet<\/h2>\n\n\n\n<p>T\u00e4m\u00e4 sivusto k\u00e4ytt\u00e4\u00e4 ev\u00e4steit\u00e4 vierailukokemuksesi parantamiseksi. Osaa ev\u00e4steist\u00e4 auttavat mit\u00e4 kehitt\u00e4m\u00e4\u00e4n sivustoamme ja toimimaan tehokkaammin. Voit hyv\u00e4ksy\u00e4 kaikki ev\u00e4steet valitsemalla \u201dHyv\u00e4ksy kaikki\u201d tai voit hyv\u00e4ksy\u00e4 vain pakolliset ev\u00e4steet valitsemalla \u201dHyv\u00e4ksy vaaditut\u201d.<br>Voit muuttaa valintasi milloin tahansa.<\/p>\n","protected":false},"excerpt":{"rendered":"<p>Profund Oy T\u00e4m\u00e4 on Profund Oy:n henkil\u00f6tietolain (10 ja 24 \u00a7) ja EU:n yleisen tietosuoja-asetuksen (GDPR) mukainen tietosuojaseloste. Viimeisin muutos 7.10.2020. Insin\u00f6\u00f6ritoimisto Profund Oy on vuonna 2020 perustettu osakeyhti\u00f6. Sen toimialaa on maa- ja vesirakentamisen tekninen palvelu ja kotipaikka on Turku. Yhti\u00f6n toimitusjohtaja on Kim Andersson-Berlin. Verkkosivustomme on: https:\/\/profund.fi. Mit\u00e4 tietoa ker\u00e4\u00e4mme sinusta ja miksi &#8230; <a title=\"Tietosuojaseloste\" class=\"read-more\" href=\"https:\/\/profund.fi\/index.php\/privacy-policy\/\" aria-label=\"More on Tietosuojaseloste\">Read more<\/a><\/p>\n","protected":false},"author":2,"featured_media":0,"parent":0,"menu_order":0,"comment_status":"closed","ping_status":"open","template":"","meta":[],"_links":{"self":[{"href":"https:\/\/profund.fi\/index.php\/wp-json\/wp\/v2\/pages\/3"}],"collection":[{"href":"https:\/\/profund.fi\/index.php\/wp-json\/wp\/v2\/pages"}],"about":[{"href":"https:\/\/profund.fi\/index.php\/wp-json\/wp\/v2\/types\/page"}],"author":[{"embeddable":true,"href":"https:\/\/profund.fi\/index.php\/wp-json\/wp\/v2\/users\/2"}],"replies":[{"embeddable":true,"href":"https:\/\/profund.fi\/index.php\/wp-json\/wp\/v2\/comments?post=3"}],"version-history":[{"count":3,"href":"https:\/\/profund.fi\/index.php\/wp-json\/wp\/v2\/pages\/3\/revisions"}],"predecessor-version":[{"id":211,"href":"https:\/\/profund.fi\/index.php\/wp-json\/wp\/v2\/pages\/3\/revisions\/211"}],"wp:attachment":[{"href":"https:\/\/profund.fi\/index.php\/wp-json\/wp\/v2\/media?parent=3"}],"curies":[{"name":"wp","href":"https:\/\/api.w.org\/{rel}","templated":true}]}}